**2 - 10*z - 10. Let a(j) = 5*j**2 - 11*j - 9. Let u(m) = -5*a(m) + 6*c(m). What is the tens digit of u(-5)?
3
Suppose 27*q - 416 = q. What is the hundreds digit of (-80)/q + 1/1 + 650?
6
Let s(l) = 673*l - 518. What is the units digit of s(6)?
0
What is the tens digit of ((-430)/30 + 3)*12018/(-4)?
5
Let p(m) = 8*m**2 - 23*m - 45. Let x be p(-2). Suppose 42*c = x*c + 2448. What is the tens digit of c?
7
Let z(u) = -u + 14. Let g be z(10). Let h = 1585 - 1582. Suppose -g*o + 2*v = 6*v - 604, v - 449 = -h*o. What is the units digit of o?
9
Let t(p) = -86*p**3 + 19*p + 152. What is the hundreds digit of t(-5)?
8
Suppose -4*y - 98767 = -5*c, 89*y = 2*c + 84*y - 39500. What is the units digit of c?
5
Suppose -3*h + 4 + 5 = 0, 0 = -3*r + 3*h - 21. Let y(u) = u**3 + 4*u**2 - u. Let q be y(r). Suppose q*p - 79 = 1. What is the tens digit of p?
2
Let z = -4789 + 31050. What is the hundreds digit of z?
2
Let u(w) = -w**3 - 32*w**2 + 240*w + 840. What is the hundreds digit of u(-51)?
0
Let a(x) = -644*x + 228. What is the tens digit of a(-12)?
5
Suppose 5*b + 19 = 79. Suppose f + f + k = 3, -4*f + 4*k = -b. Suppose -f*z + 131 = 45. What is the units digit of z?
3
Let v be (-8 + 0)*((-20787)/12)/13. Suppose -2*k = -5*k + q + v, q = 2. What is the tens digit of k?
5
Suppose -35*l + 18549 = -26*l. Suppose 1113 + l = 6*j. What is the tens digit of j?
2
Suppose -2*l + 4 = 16. Suppose -116 = -3*t + 61*t. What is the tens digit of (l/(-12))/(t - (-177)/88)?
4
Let u = 86 + -97. Let s(x) = -29*x - 10. What is the hundreds digit of s(u)?
3
What is the tens digit of 21/(-2)*516/(-903) + 22737?
4
Suppose -s - 6 = -3*s. Suppose 3*y + 2*d - 974 = 0, 294*d - 291*d + 343 = y. Suppose -134 = -4*u - 2*t + y, s*u = 4*t + 374. What is the hundreds digit of u?
1
Let r(m) be the second derivative of m**5/20 + 13*m**4/12 - 13*m**3/6 + 13*m**2 - 21*m. Let h be r(-14). Suppose -2*u = -88 - h. What is the units digit of u?
0
Suppose -3*z + 32 = 4*c, 4*c = c - 4*z + 31. Suppose 3*o + 4*a = 1250, -3*o - c*a = -864 - 388. What is the tens digit of o?
1
Suppose 4*r - 35 = -i, 3*i - 5*i - 3*r = -90. What is the tens digit of (9656/i)/((-6)/(-27))?
5
Let s = -156 + 165. Let l = 15 + -9. Suppose -s*f + l*f = -177. What is the units digit of f?
9
Let a = -58 - -82. Suppose -5*w + a = -836. What is the hundreds digit of w?
1
Suppose -17*z - i = -13*z - 8, 0 = 5*z - i - 19. Suppose 6*y = 10*y - j - 1246, -6 = -z*j. What is the hundreds digit of y?
3
Suppose 0 = -5*h + 40, -489*t + 485*t = -3*h - 209284. What is the hundreds digit of t?
3
Let c be ((-85)/(-34))/((-4)/8). What is the units digit of c/40 - (-4530)/16?
3
Let l = 37643 - 20786. What is the ten thousands digit of l?
1
Let l(z) = -53*z**3 - 7*z**2 - 18*z + 47. What is the hundreds digit of l(-8)?
8
Suppose 175 = -17*y + 702. Suppose 0 = y*q - 36*q + 720. What is the units digit of q?
4
Let t(g) = 510*g**3 + 19*g**2 + g - 12. What is the units digit of t(3)?
2
What is the units digit of (-817134)/(-39) - (-330)/(-2145)?
2
Let y(p) be the first derivative of 363*p**2/2 - 21*p - 11. What is the hundreds digit of y(2)?
7
Suppose -4938*o + 4969*o = 968719. What is the units digit of o?
9
What is the thousands digit of (-4146)/(-3) + (116/(-203) - 39/(-7))?
1
What is the hundreds digit of (-3 - -2) + (22996 - (28 - 15))?
9
Suppose 0 = -5*h - 10*h + 900. Let l = 71 - h. Suppose 17*y = l*y + 492. What is the tens digit of y?
8
Let x = -1966 - -4888. What is the units digit of x?
2
Let i = 21255 - 14334. What is the units digit of i?
1
Suppose -22*r = -21*r - 4*g - 6038, 4*r - 24228 = -3*g. What is the units digit of r?
4
Let c = 17 + -4. Suppose 0 = -22*k - 1104 - 414. What is the units digit of c + -5 + -7 - 1*k?
0
What is the thousands digit of (-2)/(-1)*100973/74?
2
Let d be 915 + (3/5 - 16/(-40)). Suppose -z = 5*v - d, 2*v - 932 = -3*v + 3*z. What is the tens digit of v?
8
Suppose 7*c - 556 = -164. Let b = c + -54. Suppose b*r - 216 = -g - 2*g, 2*r - 6 = 0. What is the units digit of g?
0
Let t = -6 - -13. Suppose y + t*z - 9 = 2*z, 0 = -3*y - 4*z + 82. What is the units digit of 14800/85 - 4/y?
4
Suppose -5*b + 3*o - 20 = 0, 3*o = -5*b - 0*o - 20. Suppose -5*g = 4*k - 6 - 1, 0 = 2*g + 10. What is the units digit of b/k - (0 - (-69)/(-6))?
1
Let h be 2/5 + (-3)/(-30)*296. Let l = 32 - h. Suppose 0 = -o + l*o - 72. What is the units digit of o?
2
Suppose 3*g - 1119 = -3*w, -3*g + 1124 = 7*w - 3*w. Let o = g + -242. What is the units digit of o?
6
Let b = -59 + 95. Let h be b/(-54) - 119/(-3). Suppose 34*u + 95 = h*u. What is the tens digit of u?
1
Let m(o) = o**2 - 28*o + 58. Let j be m(26). Suppose -4*h - j*x = -8*x - 3538, 4*x - 907 = -h. What is the tens digit of h?
8
Let y(j) be the second derivative of 0 - 1/2*j**3 - 3/10*j**5 - 5/12*j**4 - 15*j - 7/2*j**2. What is the units digit of y(-3)?
9
Let b(c) = 5175*c**2 - 32*c - 102. What is the thousands digit of b(-3)?
6
Suppose -21*w = 16508 - 117056. What is the thousands digit of w?
4
Let c(l) = -2*l**2 + 5*l - 1919. Let i be c(0). Let f = -1232 - i. What is the hundreds digit of f?
6
Let d = 1 - -20. Suppose -d = -7*m + 14. Suppose 2*a - 233 = -s, 2*s + s + m*a = 697. What is the tens digit of s?
2
Suppose 83*b - 21774 = 55*b + 37782. What is the hundreds digit of b?
1
Let n(m) = -9*m**3 + 34*m**2 + 9*m - 45. What is the tens digit of n(-13)?
5
Let h = 25621 + -4297. What is the tens digit of h?
2
Suppose -12*s - 2 = -13*s. Suppose -5*c + 191 = 3*b - 0*c, 134 = s*b + 5*c. What is the units digit of b?
7
Let q = -47 - -42. Let r be (q/10)/(5/(-720)). Suppose -2*f = -3*s - r, 5*f + 4*s - 255 = -52. What is the tens digit of f?
3
Let t = -22573 + 35754. What is the ten thousands digit of t?
1
Let z(h) = 2530*h**2 + 51*h + 245. What is the hundreds digit of z(-5)?
2
Let b(i) = 2303*i - 52. What is the tens digit of b(1)?
5
Let j(c) = -4*c + 12. Let n be j(3). Suppose l = -n - 5, -4*a + 3*l + 1587 = 0. What is the hundreds digit of a?
3
Let j(p) = -p**2 - 4*p + 1. Let b be j(-4). What is the units digit of (b + -4 + (-45)/(-18))*-1942?
1
Suppose 2*x - 470 = 2*i, -4*i = -0*i + x + 925. Let v = i + 688. What is the units digit of v?
6
Let m = 1706 + 7016. What is the tens digit of m?
2
Let j(l) = 153*l**2 - 7*l - 7. Let v be j(3). Suppose v = s - 5*c, 7*s - 5*s - 2730 = 2*c. What is the tens digit of s?
6
Suppose 63*z - 4532 = 41*z. What is the tens digit of z?
0
Suppose 135*p - 48*p = -110*p + 7364845. What is the units digit of p?
5
What is the ten thousands digit of (11650 - (-29 - -15)) + -4?
1
Suppose 0 = 8*h - 2*h - 24*h + 384048. What is the units digit of h?
6
Let a(b) = 184*b + 1925. What is the tens digit of a(134)?
8
Let p(x) = -417*x + 9. Suppose -28*c = -10 + 38. What is the units digit of p(c)?
6
Suppose 18*g + 23377 = 3*p + 17*g, 40 = 8*g. What is the thousands digit of p?
7
Let r(m) = 3840*m - 2663. What is the ten thousands digit of r(4)?
1
Suppose 3*y + 9 - 18 = 0. Suppose y*n = n - 76. What is the units digit of n/(-1) + (-84)/(-28)?
1
Let p(r) = 1502*r**2 + 44*r - 115. What is the tens digit of p(4)?
9
Let k(c) = -9792*c - 799. What is the hundreds digit of k(-2)?
7
Suppose 4*m - 1795*d - 278368 = -1800*d, -5*d = 2*m - 139204. What is the units digit of m?
2
Suppose -3*l + 24*h - 22*h + 28629 = 0, 0 = -5*h - 15. What is the tens digit of l?
4
Let v be (720/(-45))/((-1)/42). Suppose -27*q = q - v. What is the units digit of q?
4
Let q(u) be the third derivative of 1/24*u**4 + 0*u + 0 + 1/30*u**6 - 4*u**2 + 10/3*u**3 - 7/60*u**5. What is the units digit of q(4)?
8
Let n(o) = -4*o + 146*o**2 - 147*o**2 - 3 + 0. Let x be n(-3). What is the tens digit of (x + -159)*2/(-3)?
0
What is the thousands digit of (1/(-3))/((6/(5 - 11))/98166)?
2
Suppose -3*p + 73 = 100. What is the hundreds digit of 79/((-2)/3*p/12)?
1
Let n = 132 - 128. Let y be ((-170)/(-6))/(n/(-12)). What is the tens digit of 5/1 - (y - -10)?
8
Let m = 26938 - 5044. What is the units digit of m?
4
What is the thousands digit of ((-302)/(-20)*2)/((-64)/(-80960))?
8
Let s(t) = -2*t - 24. Let i be s(-12). Suppose -n + 4*k + 160 = i, 0 = -2*n + 2*k + 491 - 195. What is the tens digit of n?
4
Let w(k) = 7*k**2 + 14*k - 1. Let y be 2 - (-1*9)/((-12)/(-8)). What is the hundreds digit of w(y)?
5
Let c be 5/(-1)*